{"id":607,"date":"2019-11-06T22:42:43","date_gmt":"2019-11-06T19:42:43","guid":{"rendered":"http:\/\/yadov-conf.isras.ru\/?page_id=607"},"modified":"2019-11-16T16:13:14","modified_gmt":"2019-11-16T13:13:14","slug":"%d0%bf%d1%80%d0%be%d0%b3%d1%80%d0%b0%d0%bc%d0%bc%d0%bd%d1%8b%d0%b9-%d0%ba%d0%be%d0%bc%d0%b8%d1%82%d0%b5%d1%82","status":"publish","type":"page","link":"https:\/\/yadov-conf.isras.ru\/?page_id=607","title":{"rendered":"\u041f\u0440\u043e\u0433\u0440\u0430\u043c\u043c\u043d\u044b\u0439 \u043a\u043e\u043c\u0438\u0442\u0435\u0442"},"content":{"rendered":"<h5>\u041f\u0440\u0435\u0434\u0441\u0435\u0434\u0430\u0442\u0435\u043b\u044c<\/h5>\n<ul>\n<li style=\"list-style-type: none;\">\n<ul>\n<li><strong>\u0413\u043e\u0440\u0448\u043a\u043e\u0432 \u041c\u0438\u0445\u0430\u0438\u043b \u041a\u043e\u043d\u0441\u0442\u0430\u043d\u0442\u0438\u043d\u043e\u0432\u0438\u0447<\/strong>,<br \/>\n\u0430\u043a\u0430\u0434\u0435\u043c\u0438\u043a \u0420\u0410\u041d, \u0424\u041d\u0418\u0421\u0426 \u0420\u0410\u041d \u00a0(\u041c\u043e\u0441\u043a\u0432\u0430, \u0420\u043e\u0441\u0441\u0438\u044f)<\/li>\n<\/ul>\n<\/li>\n<\/ul>\n<h5>\u0417\u0430\u043c\u0435\u0441\u0442\u0438\u0442\u0435\u043b\u0438 \u043f\u0440\u0435\u0434\u0441\u0435\u0434\u0430\u0442\u0435\u043b\u044f<\/h5>\n<ul>\n<li style=\"list-style-type: none;\">\n<ul>\n<li><strong>\u0414\u0430\u043d\u0438\u043b\u043e\u0432\u0430 \u0415\u043b\u0435\u043d\u0430 \u041d\u0438\u043a\u043e\u043b\u0430\u0435\u0432\u043d\u0430,<\/strong><br \/>\n\u043a\u0430\u043d\u0434\u0438\u0434\u0430\u0442 \u0441\u043e\u0446\u0438\u043e\u043b\u043e\u0433\u0438\u0447\u0435\u0441\u043a\u0438\u0445 \u043d\u0430\u0443\u043a, \u0418\u043d\u0441\u0442\u0438\u0442\u0443\u0442 \u0441\u043e\u0446\u0438\u043e\u043b\u043e\u0433\u0438\u0438 \u0424\u041d\u0418\u0421\u0426 \u0420\u0410\u041d; \u041d\u0418\u0423 \u0412\u0428\u042d (\u041c\u043e\u0441\u043a\u0432\u0430, \u0420\u043e\u0441\u0441\u0438\u044f)<\/li>\n<li><strong>\u041a\u043e\u0437\u044b\u0440\u0435\u0432\u0430 \u041f\u043e\u043b\u0438\u043d\u0430 \u041c\u0438\u0445\u0430\u0439\u043b\u043e\u0432\u043d\u0430,<\/strong><br \/>\n\u0434\u043e\u043a\u0442\u043e\u0440 \u0441\u043e\u0446\u0438\u043e\u043b\u043e\u0433\u0438\u0447\u0435\u0441\u043a\u0438\u0439 \u043d\u0430\u0443\u043a, \u0424\u041d\u0418\u0421\u0426 \u0420\u0410\u041d; \u041d\u0418\u0423 \u0412\u0428\u042d (\u041c\u043e\u0441\u043a\u0432\u0430, \u0420\u043e\u0441\u0441\u0438\u044f)<\/li>\n<li><strong>\u0427\u0435\u0440\u043d\u044b\u0448 \u041c\u0438\u0445\u0430\u0438\u043b \u0424\u0435\u0434\u043e\u0440\u043e\u0432\u0438\u0447<\/strong>,<br \/>\n\u0447\u043b\u0435\u043d-\u043a\u043e\u0440\u0440\u0435\u0441\u043f\u043e\u043d\u0434\u0435\u043d\u0442 \u0420\u0410\u041d, \u0424\u041d\u0418\u0421\u0426 \u0420\u0410\u041d; \u0413\u0410\u0423\u0413\u041d (\u041c\u043e\u0441\u043a\u0432\u0430, \u0420\u043e\u0441\u0441\u0438\u044f)<\/li>\n<\/ul>\n<\/li>\n<\/ul>\n<h5>\u0423\u0447\u0435\u043d\u044b\u0439 \u0441\u0435\u043a\u0440\u0435\u0442\u0430\u0440\u044c \u043a\u043e\u043d\u0444\u0435\u0440\u0435\u043d\u0446\u0438\u0438<\/h5>\n<ul>\n<li style=\"list-style-type: none;\">\n<ul>\n<li><strong>\u0428\u0438\u043b\u043e\u0432\u0430 \u0412\u0430\u043b\u0435\u043d\u0442\u0438\u043d\u0430 \u0410\u043b\u0435\u043a\u0441\u0430\u043d\u0434\u0440\u043e\u0432\u043d\u0430<\/strong>,<br \/>\n\u043a\u0430\u043d\u0434\u0438\u0434\u0430\u0442 \u0441\u043e\u0446\u0438\u043e\u043b\u043e\u0433\u0438\u0447\u0435\u0441\u043a\u0438\u0445 \u043d\u0430\u0443\u043a, \u0418\u043d\u0441\u0442\u0438\u0442\u0443\u0442 \u0441\u043e\u0446\u0438\u043e\u043b\u043e\u0433\u0438\u0438 \u0424\u041d\u0418\u0421\u0426 \u0420\u0410\u041d; \u0413\u0410\u0423\u0413\u041d (\u041c\u043e\u0441\u043a\u0432\u0430, \u0420\u043e\u0441\u0441\u0438\u044f)<\/li>\n<\/ul>\n<\/li>\n<\/ul>\n<h5>\u0427\u043b\u0435\u043d\u044b \u043f\u0440\u043e\u0433\u0440\u0430\u043c\u043c\u043d\u043e\u0433\u043e \u043a\u043e\u043c\u0438\u0442\u0435\u0442\u0430<\/h5>\n<ul>\n<li style=\"list-style-type: none;\">\n<ul>\n<li><strong>\u0413\u0438\u043c\u043f\u0435\u043b\u044c\u0441\u043e\u043d \u0412\u043b\u0430\u0434\u0438\u043c\u0438\u0440 \u0415\u0444\u0438\u043c\u043e\u0432\u0438\u0447<\/strong>,<br \/>\n\u043a\u0430\u043d\u0434\u0438\u0434\u0430\u0442 \u044d\u043a\u043e\u043d\u043e\u043c\u0438\u0447\u0435\u0441\u043a\u0438\u0445 \u043d\u0430\u0443\u043a, \u041d\u0418\u0423 \u0412\u0428\u042d, \u0418\u043d\u0441\u0442\u0438\u0442\u0443\u0442 \u0441\u043e\u0446\u0438\u043e\u043b\u043e\u0433\u0438\u0438 \u0424\u041d\u0418\u0421\u0426 \u0420\u0410\u041d (\u041c\u043e\u0441\u043a\u0432\u0430, \u0420\u043e\u0441\u0441\u0438\u044f)<\/li>\n<li><strong>\u0414\u0435\u0432\u044f\u0442\u043a\u043e \u0418\u043d\u043d\u0430 \u0424\u0435\u043b\u0438\u043a\u0441\u043e\u0432\u043d\u0430<\/strong>,<br \/>\n\u0434\u043e\u043a\u0442\u043e\u0440 \u0441\u043e\u0446\u0438\u043e\u043b\u043e\u0433\u0438\u0447\u0435\u0441\u043a\u0438\u0439 \u043d\u0430\u0443\u043a \u041d\u0418\u0423 \u0412\u0428\u042d; \u0418\u043d\u0441\u0442\u0438\u0442\u0443\u0442 \u0441\u043e\u0446\u0438\u043e\u043b\u043e\u0433\u0438\u0438 \u0424\u041d\u0418\u0421\u0426 \u0420\u0410\u041d (\u041c\u043e\u0441\u043a\u0432\u0430, \u0420\u043e\u0441\u0441\u0438\u044f)<\/li>\n<li><strong>\u0414\u043e\u043a\u0442\u043e\u0440\u043e\u0432 \u0411\u043e\u0440\u0438\u0441 \u0417\u0443\u0441\u043c\u0430\u043d\u043e\u0432\u0438\u0447,<\/strong><br \/>\n\u0434\u043e\u043a\u0442\u043e\u0440 \u0444\u0438\u043b\u043e\u0441\u043e\u0444\u0441\u043a\u0438\u0445 \u043d\u0430\u0443\u043a (\u0421\u0428\u0410)<\/li>\n<li><strong>\u0414\u0440\u043e\u0431\u0438\u0436\u0435\u0432\u0430 \u041b\u0435\u043e\u043a\u0430\u0434\u0438\u044f \u041c\u0438\u0445\u0430\u0439\u043b\u043e\u0432\u043d\u0430<\/strong>,<br \/>\n\u0434\u043e\u043a\u0442\u043e\u0440 \u0438\u0441\u0442\u043e\u0440\u0438\u0447\u0435\u0441\u043a\u0438\u0445 \u043d\u0430\u0443\u043a, \u0418\u043d\u0441\u0442\u0438\u0442\u0443\u0442 \u0441\u043e\u0446\u0438\u043e\u043b\u043e\u0433\u0438\u0438 \u0424\u041d\u0418\u0421\u0426 \u0420\u0410\u041d (\u041c\u043e\u0441\u043a\u0432\u0430, \u0420\u043e\u0441\u0441\u0438\u044f)<\/li>\n<li><strong>\u0415\u043f\u0438\u0445\u0438\u043d\u0430 \u042e\u043b\u0438\u044f \u0411\u043e\u0440\u0438\u0441\u043e\u0432\u043d\u0430<\/strong>,<br \/>\n\u043a\u0430\u043d\u0434\u0438\u0434\u0430\u0442 \u0441\u043e\u0446\u0438\u043e\u043b\u043e\u0433\u0438\u0447\u0435\u0441\u043a\u0438\u0445 \u043d\u0430\u0443\u043a, \u0418\u043d\u0441\u0442\u0438\u0442\u0443\u0442 \u0441\u043e\u0446\u0438\u043e\u043b\u043e\u0433\u0438\u0438 \u0424\u041d\u0418\u0421\u0426 \u0420\u0410\u041d; \u0413\u0410\u0423\u0413\u041d (\u041c\u043e\u0441\u043a\u0432\u0430, \u0420\u043e\u0441\u0441\u0438\u044f)<\/li>\n<li><strong>\u0417\u0431\u043e\u0440\u043e\u0432\u0441\u043a\u0438\u0439 \u0413\u0430\u0440\u043e\u043b\u044c\u0434 \u0415\u0444\u0438\u043c\u043e\u0432\u0438\u0447<\/strong>,<br \/>\n\u0434\u043e\u043a\u0442\u043e\u0440 \u0444\u0438\u043b\u043e\u0441\u043e\u0444\u0441\u043a\u0438\u0445 \u043d\u0430\u0443\u043a, \u043f\u0440\u043e\u0444\u0435\u0441\u0441\u043e\u0440, \u0423\u0440\u0430\u043b\u044c\u0441\u043a\u0438\u0439 \u0444\u0435\u0434\u0435\u0440\u0430\u043b\u044c\u043d\u044b\u0439 \u0443\u043d\u0438\u0432\u0435\u0440\u0441\u0438\u0442\u0435\u0442 \u0438\u043c\u0435\u043d\u0438 \u043f\u0435\u0440\u0432\u043e\u0433\u043e \u041f\u0440\u0435\u0437\u0438\u0434\u0435\u043d\u0442\u0430 \u0420\u043e\u0441\u0441\u0438\u0438 \u0411.\u041d. \u0415\u043b\u044c\u0446\u0438\u043d\u0430 (\u0415\u043a\u0430\u0442\u0435\u0440\u0438\u043d\u0431\u0443\u0440\u0433, \u0420\u043e\u0441\u0441\u0438\u044f)<\/li>\n<li><strong>\u041a\u0430\u0440\u0438\u043d \u041a\u043b\u0435\u043c\u0430\u043d (Karine Clement),<br \/>\n<\/strong>Centre D\u2019\u00e9tudes Des Mondes Russe, Caucasien Et Centre-europ\u00e9en CERCEC\/EHESS (\u0424\u0440\u0430\u043d\u0446\u0438\u044f)<\/li>\n<li><strong>\u041a\u0438\u0432\u0438\u043d\u0435\u043d \u041c\u0430\u0440\u043a\u043a\u0443 (Markku Kivinen)<\/strong>,<br \/>\n\u0434\u043e\u043a\u0442\u043e\u0440 \u043d\u0430\u0443\u043a, \u0425\u0435\u043b\u044c\u0441\u0438\u043d\u0441\u043a\u0438\u0439 \u0443\u043d\u0438\u0432\u0435\u0440\u0441\u0438\u0442\u0435\u0442 (\u0424\u0438\u043d\u0434\u043b\u044f\u043d\u0434\u0438\u044f)<\/li>\n<li><strong>\u041a\u043b\u0438\u043c\u043e\u0432\u0430 \u0421\u0432\u0435\u0442\u043b\u0430\u043d\u0430 \u0413\u0430\u0432\u0440\u0438\u043b\u043e\u0432\u043d\u0430<\/strong>,<br \/>\n\u043a\u0430\u043d\u0434\u0438\u0434\u0430\u0442 \u0444\u0438\u043b\u043e\u0441\u043e\u0444\u0441\u043a\u0438\u0445 \u043d\u0430\u0443\u043a, \u0418\u043d\u0441\u0442\u0438\u0442\u0443\u0442 \u0441\u043e\u0446\u0438\u043e\u043b\u043e\u0433\u0438\u0438 \u0424\u041d\u0418\u0421\u0426 \u0420\u0410\u041d (\u041c\u043e\u0441\u043a\u0432\u0430, \u0420\u043e\u0441\u0441\u0438\u044f)<\/li>\n<li><strong>\u041a\u043e\u0437\u0435\u043b\u043b\u0430 \u041a\u0448\u0438\u0448\u0442\u043e\u0444 (Krzysztof Kosela)<\/strong>,<br \/>\nProfessor,Institute of Sociology, University of Warsaw (\u041f\u043e\u043b\u044c\u0448\u0430)<\/li>\n<li><strong>\u041a\u043e\u0437\u043b\u043e\u0432\u0430 \u041b\u0430\u0440\u0438\u0441\u0430 \u0410\u043b\u0435\u043a\u0441\u0435\u0435\u0432\u043d\u0430<\/strong>,<br \/>\n\u043a\u0430\u043d\u0434\u0438\u0434\u0430\u0442 \u0444\u0438\u043b\u043e\u0441\u043e\u0444\u0441\u043a\u0438\u0445 \u043d\u0430\u0443\u043a, \u0418\u043d\u0441\u0442\u0438\u0442\u0443\u0442 \u0441\u043e\u0446\u0438\u043e\u043b\u043e\u0433\u0438\u0438 \u0424\u041d\u0418\u0421\u0426 \u0420\u0410\u041d (\u041c\u043e\u0441\u043a\u0432\u0430, \u0420\u043e\u0441\u0441\u0438\u044f)<\/li>\n<li><strong>\u041a\u043e\u0437\u043b\u043e\u0432\u0441\u043a\u0438\u0439 \u0412\u043b\u0430\u0434\u0438\u043c\u0438\u0440 \u0412\u044f\u0447\u0435\u0441\u043b\u0430\u0432\u043e\u0432\u0438\u0447<\/strong>,<br \/>\n\u0434\u043e\u043a\u0442\u043e\u0440 \u0444\u0438\u043b\u043e\u0441\u043e\u0444\u0441\u043a\u0438\u0445 \u043d\u0430\u0443\u043a, \u0421\u043e\u0446\u0438\u043e\u043b\u043e\u0433\u0438\u0447\u0435\u0441\u043a\u0438\u0439 \u0438\u043d\u0441\u0442\u0438\u0442\u0443\u0442 \u0420\u0410\u041d \u2013 \u0444\u0438\u043b\u0438\u0430\u043b \u0424\u041d\u0418\u0421\u0426 \u0420\u0410\u041d; \u0421\u0430\u043d\u043a\u0442-\u041f\u0435\u0442\u0435\u0440\u0431\u0443\u0440\u0433\u0441\u043a\u0438\u0439 \u0433\u043e\u0441\u0443\u0434\u0430\u0440\u0441\u0442\u0432\u0435\u043d\u043d\u044b\u0439 \u0443\u043d\u0438\u0432\u0435\u0440\u0441\u0438\u0442\u0435\u0442\u00a0 (\u0421\u0430\u043d\u043a\u0442-\u041f\u0435\u0442\u0435\u0440\u0431\u0443\u0440\u0433, \u0420\u043e\u0441\u0441\u0438\u044f)<\/li>\n<li><strong>\u041a\u043e\u0441\u043e\u043b\u0430\u043f\u043e\u0432 \u041c\u0438\u0445\u0430\u0438\u043b \u0421\u0430\u043c\u0443\u0438\u043b\u043e\u0432\u0438\u0447<\/strong>,<br \/>\n\u043a\u0430\u043d\u0434\u0438\u0434\u0430\u0442 \u0444\u0438\u043b\u043e\u0441\u043e\u0444\u0441\u043a\u0438\u0445 \u043d\u0430\u0443\u043a, \u0418\u043d\u0441\u0442\u0438\u0442\u0443\u0442 \u0441\u043e\u0446\u0438\u043e\u043b\u043e\u0433\u0438\u0438 \u0424\u041d\u0418\u0421\u0426 \u0420\u0410\u041d (\u041c\u043e\u0441\u043a\u0432\u0430, \u0420\u043e\u0441\u0441\u0438\u044f)<\/li>\n<li><strong>\u041a\u043e\u0441\u0442\u0435\u043b\u0435\u0446\u043a\u0438\u0439 \u0422\u043e\u043c\u0430\u0441 (Tom\u00e1\u0161 Kosteleck\u00fd)<\/strong>,<br \/>\nProfessor, Director, Institute of Sociology Czech Academy of sciences (\u0427\u0435\u0445\u0438\u044f)<\/li>\n<li><strong>\u041b\u0430\u043f\u0438\u043d \u041d\u0438\u043a\u043e\u043b\u0430\u0439 \u0418\u0432\u0430\u043d\u043e\u0432\u0438\u0447<\/strong>,<br \/>\n\u0447\u043b\u0435\u043d-\u043a\u043e\u0440\u0440\u0435\u0441\u043f\u043e\u043d\u0434\u0435\u043d\u0442 \u0420\u0410\u041d, \u0418\u043d\u0441\u0442\u0438\u0442\u0443\u0442 \u0444\u0438\u043b\u043e\u0441\u043e\u0444\u0438\u0438 \u0420\u0410\u041d (\u041c\u043e\u0441\u043a\u0432\u0430, \u0420\u043e\u0441\u0441\u0438\u044f)<\/li>\n<li><strong>\u041b\u0430\u0443\u0440\u0438\u0441\u0442\u0438\u043d \u041c\u0430\u0440\u044c\u044e (<span lang=\"et\">Marju Lauristin<\/span>)<\/strong>,<br \/>\n\u043f\u0440\u043e\u0444\u0435\u0441\u0441\u043e\u0440, \u0422\u0430\u0440\u0442\u0443\u0441\u043a\u0438\u0439 \u0423\u043d\u0438\u0432\u0435\u0440\u0441\u0438\u0442\u0435\u0442 (\u0422\u0430\u0440\u0442\u0443,\u042d\u0441\u0442\u043e\u043d\u0438\u044f)<\/li>\n<li><strong>\u041c\u0430\u0433\u0443\u043d \u0412\u043b\u0430\u0434\u0438\u043c\u0438\u0440 \u0421\u0430\u043c\u0443\u0438\u043b\u043e\u0432\u0438\u0447<\/strong>,<br \/>\n\u043a\u0430\u043d\u0434\u0438\u0434\u0430\u0442 \u043f\u0441\u0438\u0445\u043e\u043b\u043e\u0433\u0438\u0447\u0435\u0441\u043a\u0438\u0445 \u043d\u0430\u0443\u043a, \u0418\u043d\u0441\u0442\u0438\u0442\u0443\u0442 \u0441\u043e\u0446\u0438\u043e\u043b\u043e\u0433\u0438\u0438 \u0424\u041d\u0418\u0421\u0426 \u0420\u0410\u041d; \u041d\u0418\u0423 \u0412\u0428\u042d (\u041c\u043e\u0441\u043a\u0432\u0430, \u0420\u043e\u0441\u0441\u0438\u044f)<\/li>\n<li><strong>\u041c\u0430\u043d\u0441\u0443\u0440\u043e\u0432 \u0412\u0430\u043b\u0435\u0440\u0438\u0439 \u0410\u043d\u0434\u0440\u0435\u0435\u0432\u0438\u0447<\/strong>,<br \/>\n\u0434\u043e\u043a\u0442\u043e\u0440 \u0444\u0438\u043b\u043e\u0441\u043e\u0444\u0441\u043a\u0438\u0445 \u043d\u0430\u0443\u043a, \u0418\u043d\u0441\u0442\u0438\u0442\u0443\u0442 \u0441\u043e\u0446\u0438\u043e\u043b\u043e\u0433\u0438\u0438 \u0424\u041d\u0418\u0421\u0426 \u0420\u0410\u041d (\u041c\u043e\u0441\u043a\u0432\u0430, \u0420\u043e\u0441\u0441\u0438\u044f)<\/li>\n<li><strong>\u041f\u0430\u043b \u0422\u0430\u043c\u0430\u0448 (Professor Tam\u00e1s P\u00e1l)<\/strong>,<br \/>\nProfessor, Hungarian Academy of sciences (\u0412\u0435\u043d\u0433\u0440\u0438\u044f)<\/li>\n<li><strong>\u041f\u0430\u043d \u0414\u0430\u0432\u0435\u0439<\/strong><br \/>\n\u043f\u0440\u043e\u0444\u0435\u0441\u0441\u043e\u0440, \u0428\u0430\u043d\u0445\u0430\u0439\u0441\u043a\u0430\u044f \u0410\u043a\u0430\u0434\u0435\u043c\u0438\u044f \u0441\u043e\u0446\u0438\u0430\u043b\u044c\u043d\u044b\u0445 \u043d\u0430\u0443\u043a (\u041a\u0438\u0442\u0430\u0439)<\/li>\n<li><strong>\u041f\u0435\u0442\u0443\u0445\u043e\u0432 \u0412\u043b\u0430\u0434\u0438\u043c\u0438\u0440 \u0412\u0430\u0441\u0438\u043b\u044c\u0435\u0432\u0438\u0447<\/strong>,<br \/>\n\u043a\u0430\u043d\u0434\u0438\u0434\u0430\u0442 \u0441\u043e\u0446\u0438\u043e\u043b\u043e\u0433\u0438\u0447\u0435\u0441\u043a\u0438\u0445 \u043d\u0430\u0443\u043a, \u0418\u043d\u0441\u0442\u0438\u0442\u0443\u0442 \u0441\u043e\u0446\u0438\u043e\u043b\u043e\u0433\u0438\u0438 \u0424\u041d\u0418\u0421\u0426 \u0420\u0410\u041d (\u041c\u043e\u0441\u043a\u0432\u0430, \u0420\u043e\u0441\u0441\u0438\u044f)<\/li>\n<li><strong>\u041f\u043e\u043a\u0440\u043e\u0432\u0441\u043a\u0438\u0439 \u041d\u0438\u043a\u0438\u0442\u0430 \u0415\u0432\u0433\u0435\u043d\u044c\u0435\u0432\u0438\u0447<\/strong>,<br \/>\n\u0434\u043e\u043a\u0442\u043e\u0440 \u0441\u043e\u0446\u0438\u043e\u043b\u043e\u0433\u0438\u0447\u0435\u0441\u043a\u0438\u0439 \u043d\u0430\u0443\u043a, \u041d\u0418\u0423 \u0412\u0428\u042d, \u0418\u043d\u0441\u0442\u0438\u0442\u0443\u0442 \u0441\u043e\u0446\u0438\u043e\u043b\u043e\u0433\u0438\u0438 \u0424\u041d\u0418\u0421\u0426 \u0420\u0410\u041d (\u041c\u043e\u0441\u043a\u0432\u0430, \u0420\u043e\u0441\u0441\u0438\u044f)<\/li>\n<li><strong>\u041f\u043e\u043f\u043e\u0432\u0430 \u0418\u0440\u0438\u043d\u0430 \u041f\u0435\u0442\u0440\u043e\u0432\u043d\u0430<\/strong>,<br \/>\n\u043a\u0430\u043d\u0434\u0438\u0434\u0430\u0442 \u0441\u043e\u0446\u0438\u043e\u043b\u043e\u0433\u0438\u0447\u0435\u0441\u043a\u0438\u0445 \u043d\u0430\u0443\u043a, \u0418\u043d\u0441\u0442\u0438\u0442\u0443\u0442 \u0441\u043e\u0446\u0438\u043e\u043b\u043e\u0433\u0438\u0438 \u0424\u041d\u0418\u0421\u0426 \u0420\u0410\u041d (\u041c\u043e\u0441\u043a\u0432\u0430, \u0420\u043e\u0441\u0441\u0438\u044f)<\/li>\n<li><strong>\u041f\u0443\u0437\u0430\u043d\u043e\u0432\u0430 \u0416\u0430\u043d\u043d\u0430 \u0412\u0430\u0441\u0438\u043b\u044c\u0435\u0432\u043d\u0430<\/strong>,<br \/>\n\u0434\u043e\u043a\u0442\u043e\u0440 \u0441\u043e\u0446\u0438\u043e\u043b\u043e\u0433\u0438\u0447\u0435\u0441\u043a\u0438\u0445 \u043d\u0430\u0443\u043a, \u0420\u0423\u0414\u041d (\u041c\u043e\u0441\u043a\u0432\u0430, \u0420\u043e\u0441\u0441\u0438\u044f)<\/li>\n<li><strong>\u0420\u0430\u0434\u0430\u0435\u0432 \u0412\u0430\u0434\u0438\u043c \u0412\u0430\u043b\u0435\u0440\u044c\u0435\u0432\u0438\u0447<\/strong>,<br \/>\n\u0434\u043e\u043a\u0442\u043e\u0440 \u044d\u043a\u043e\u043d\u043e\u043c\u0438\u0447\u0435\u0441\u043a\u0438\u0445 \u043d\u0430\u0443\u043a, \u041d\u0418\u0423 \u0412\u0428\u042d (\u041c\u043e\u0441\u043a\u0432\u0430, \u0420\u043e\u0441\u0441\u0438\u044f)<\/li>\n<li><strong>\u0421\u0435\u043c\u0435\u043d\u043e\u0432\u0430 \u0412\u0438\u043a\u0442\u043e\u0440\u0438\u044f \u0412\u043b\u0430\u0434\u0438\u043c\u0438\u0440\u043e\u0432\u043d\u0430<\/strong>,<br \/>\n\u0434\u043e\u043a\u0442\u043e\u0440 \u0441\u043e\u0446\u0438\u043e\u043b\u043e\u0433\u0438\u0447\u0435\u0441\u043a\u0438\u0439 \u043d\u0430\u0443\u043a \u0418\u043d\u0441\u0442\u0438\u0442\u0443\u0442 \u0441\u043e\u0446\u0438\u043e\u043b\u043e\u0433\u0438\u0438 \u0424\u041d\u0418\u0421\u0426 \u0420\u0410\u041d (\u041c\u043e\u0441\u043a\u0432\u0430, \u0420\u043e\u0441\u0441\u0438\u044f)<\/li>\n<li><strong>\u0422\u0435\u043c\u043d\u0438\u0446\u043a\u0438\u0439 \u0410\u043b\u0435\u043a\u0441\u0430\u043d\u0434\u0440 \u041b\u0430\u0437\u0430\u0440\u0435\u0432\u0438\u0447<\/strong>,<br \/>\n\u043a\u0430\u043d\u0434\u0438\u0434\u0430\u0442 \u0441\u043e\u0446\u0438\u043e\u043b\u043e\u0433\u0438\u0447\u0435\u0441\u043a\u0438\u0445 \u043d\u0430\u0443\u043a, \u041c\u043e\u0441\u043a\u043e\u0432\u0441\u043a\u0438\u0439 \u0433\u043e\u0441\u0443\u0434\u0430\u0440\u0441\u0442\u0432\u0435\u043d\u043d\u044b\u0439 \u0443\u043d\u0438\u0432\u0435\u0440\u0441\u0438\u0442\u0435\u0442 (\u0438\u043d\u0441\u0442\u0438\u0442\u0443\u0442) \u043c\u0435\u0436\u0434\u0443\u043d\u0430\u0440\u043e\u0434\u043d\u044b\u0445 \u043e\u0442\u043d\u043e\u0448\u0435\u043d\u0438\u0439 \u041c\u0418\u0414 \u0420\u0424 (\u041c\u0413\u0418\u041c\u041e); \u0418\u043d\u0441\u0442\u0438\u0442\u0443\u0442 \u0441\u043e\u0446\u0438\u043e\u043b\u043e\u0433\u0438\u0438 \u0424\u041d\u0418\u0421\u0426 \u0420\u0410\u041d (\u041c\u043e\u0441\u043a\u0432\u0430, \u0420\u043e\u0441\u0441\u0438\u044f)<\/li>\n<li><strong>\u0422\u0438\u0445\u043e\u043d\u043e\u0432 \u0410\u043b\u0435\u043a\u0441\u0430\u043d\u0434\u0440 \u0412\u0430\u0441\u0438\u043b\u044c\u0435\u0432\u0438\u0447<\/strong>,<br \/>\n\u0434\u043e\u043a\u0442\u043e\u0440 \u0441\u043e\u0446\u0438\u043e\u043b\u043e\u0433\u0438\u0447\u0435\u0441\u043a\u0438\u0439 \u043d\u0430\u0443\u043a, \u0418\u043d\u0441\u0442\u0438\u0442\u0443\u0442 \u0441\u043e\u0446\u0438\u043e\u043b\u043e\u0433\u0438\u0438 \u0424\u041d\u0418\u0421\u0426 \u0420\u0410\u041d (\u041c\u043e\u0441\u043a\u0432\u0430, \u0420\u043e\u0441\u0441\u0438\u044f)<\/li>\n<li><strong>\u0422\u0438\u0445\u043e\u043d\u043e\u0432\u0430 \u041d\u0430\u0442\u0430\u043b\u044c\u044f \u0415\u0432\u0433\u0435\u043d\u044c\u0435\u0432\u043d\u0430<\/strong>,<br \/>\n\u0434\u043e\u043a\u0442\u043e\u0440 \u0441\u043e\u0446\u0438\u043e\u043b\u043e\u0433\u0438\u0447\u0435\u0441\u043a\u0438\u0439 \u043d\u0430\u0443\u043a, \u041d\u0418\u0423 \u0412\u0428\u042d; \u0418\u043d\u0441\u0442\u0438\u0442\u0443\u0442 \u0441\u043e\u0446\u0438\u043e\u043b\u043e\u0433\u0438\u0438 \u0424\u041d\u0418\u0421\u0426 \u0420\u0410\u041d (\u041c\u043e\u0441\u043a\u0432\u0430, \u0420\u043e\u0441\u0441\u0438\u044f)<\/li>\n<li><strong>\u0422\u043e\u0449\u0435\u043d\u043a\u043e \u0416\u0430\u043d \u0422\u0435\u0440\u0435\u043d\u0442\u044c\u0435\u0432\u0438\u0447<\/strong>,<br \/>\n\u0447\u043b\u0435\u043d-\u043a\u043e\u0440\u0440\u0435\u0441\u043f\u043e\u043d\u0434\u0435\u043d\u0442 \u0420\u0410\u041d, \u0418\u043d\u0441\u0442\u0438\u0442\u0443\u0442 \u0441\u043e\u0446\u0438\u043e\u043b\u043e\u0433\u0438\u0438 \u0424\u041d\u0418\u0421\u0426 \u0420\u0410\u041d (\u041c\u043e\u0441\u043a\u0432\u0430, \u0420\u043e\u0441\u0441\u0438\u044f)<\/li>\n<li><strong>\u0427\u0435\u043f\u0443\u0440\u0435\u043d\u043a\u043e \u0410\u043b\u0435\u043a\u0441\u0430\u043d\u0434\u0440 \u042e\u043b\u044c\u0435\u0432\u0438\u0447<\/strong>,<br \/>\n\u0434\u043e\u043a\u0442\u043e\u0440 \u044d\u043a\u043e\u043d\u043e\u043c\u0438\u0447\u0435\u0441\u043a\u0438\u0445 \u043d\u0430\u0443\u043a, \u041d\u0418\u0423 \u0412\u0428\u042d; \u0418\u043d\u0441\u0442\u0438\u0442\u0443\u0442 \u0441\u043e\u0446\u0438\u043e\u043b\u043e\u0433\u0438\u0438 \u0424\u041d\u0418\u0421\u0426 \u0420\u0410\u041d (\u041c\u043e\u0441\u043a\u0432\u0430, \u0420\u043e\u0441\u0441\u0438\u044f)<\/li>\n<\/ul>\n<\/li>\n<\/ul>\n","protected":false},"excerpt":{"rendered":"<p>\u041f\u0440\u0435\u0434\u0441\u0435\u0434\u0430\u0442\u0435\u043b\u044c \u0413\u043e\u0440\u0448\u043a\u043e\u0432 \u041c\u0438\u0445\u0430\u0438\u043b \u041a\u043e\u043d\u0441\u0442\u0430\u043d\u0442\u0438\u043d\u043e\u0432\u0438\u0447, \u0430\u043a\u0430\u0434\u0435\u043c\u0438\u043a \u0420\u0410\u041d, \u0424\u041d\u0418\u0421\u0426 \u0420\u0410\u041d \u00a0(\u041c\u043e\u0441\u043a\u0432\u0430, \u0420\u043e\u0441\u0441\u0438\u044f) \u0417\u0430\u043c\u0435\u0441\u0442\u0438\u0442\u0435\u043b\u0438 \u043f\u0440\u0435\u0434\u0441\u0435\u0434\u0430\u0442\u0435\u043b\u044f \u0414\u0430\u043d\u0438\u043b\u043e\u0432\u0430 \u0415\u043b\u0435\u043d\u0430 \u041d\u0438\u043a\u043e\u043b\u0430\u0435\u0432\u043d\u0430, \u043a\u0430\u043d\u0434\u0438\u0434\u0430\u0442 \u0441\u043e\u0446\u0438\u043e\u043b\u043e\u0433\u0438\u0447\u0435\u0441\u043a\u0438\u0445 \u043d\u0430\u0443\u043a, \u0418\u043d\u0441\u0442\u0438\u0442\u0443\u0442 \u0441\u043e\u0446\u0438\u043e\u043b\u043e\u0433\u0438\u0438 \u0424\u041d\u0418\u0421\u0426 \u0420\u0410\u041d; \u041d\u0418\u0423 \u0412\u0428\u042d (\u041c\u043e\u0441\u043a\u0432\u0430, \u0420\u043e\u0441\u0441\u0438\u044f) \u041a\u043e\u0437\u044b\u0440\u0435\u0432\u0430 \u041f\u043e\u043b\u0438\u043d\u0430 \u041c\u0438\u0445\u0430\u0439\u043b\u043e\u0432\u043d\u0430, \u0434\u043e\u043a\u0442\u043e\u0440 \u0441\u043e\u0446\u0438\u043e\u043b\u043e\u0433\u0438\u0447\u0435\u0441\u043a\u0438\u0439 \u043d\u0430\u0443\u043a, \u0424\u041d\u0418\u0421\u0426 \u0420\u0410\u041d; \u041d\u0418\u0423 \u0412\u0428\u042d (\u041c\u043e\u0441\u043a\u0432\u0430, \u0420\u043e\u0441\u0441\u0438\u044f) \u0427\u0435\u0440\u043d\u044b\u0448 \u041c\u0438\u0445\u0430\u0438\u043b \u0424\u0435\u0434\u043e\u0440\u043e\u0432\u0438\u0447, \u0447\u043b\u0435\u043d-\u043a\u043e\u0440\u0440\u0435\u0441\u043f\u043e\u043d\u0434\u0435\u043d\u0442 \u0420\u0410\u041d, \u0424\u041d\u0418\u0421\u0426 \u0420\u0410\u041d; \u0413\u0410\u0423\u0413\u041d (\u041c\u043e\u0441\u043a\u0432\u0430, \u0420\u043e\u0441\u0441\u0438\u044f) \u0423\u0447\u0435\u043d\u044b\u0439 \u0441\u0435\u043a\u0440\u0435\u0442\u0430\u0440\u044c \u043a\u043e\u043d\u0444\u0435\u0440\u0435\u043d\u0446\u0438\u0438 \u0428\u0438\u043b\u043e\u0432\u0430 \u0412\u0430\u043b\u0435\u043d\u0442\u0438\u043d\u0430 \u0410\u043b\u0435\u043a\u0441\u0430\u043d\u0434\u0440\u043e\u0432\u043d\u0430, \u043a\u0430\u043d\u0434\u0438\u0434\u0430\u0442 &hellip; <a href=\"https:\/\/yadov-conf.isras.ru\/?page_id=607\" class=\"more-link\">\u0427\u0438\u0442\u0430\u0442\u044c \u0434\u0430\u043b\u0435\u0435<span class=\"screen-reader-text\"> \u00ab\u041f\u0440\u043e\u0433\u0440\u0430\u043c\u043c\u043d\u044b\u0439 \u043a\u043e\u043c\u0438\u0442\u0435\u0442\u00bb<\/span><\/a><\/p>\n","protected":false},"author":1,"featured_media":0,"parent":0,"menu_order":0,"comment_status":"closed","ping_status":"closed","template":"","meta":{"footnotes":""},"class_list":["post-607","page","type-page","status-publish","hentry"],"_links":{"self":[{"href":"https:\/\/yadov-conf.isras.ru\/index.php?rest_route=\/wp\/v2\/pages\/607","targetHints":{"allow":["GET"]}}],"collection":[{"href":"https:\/\/yadov-conf.isras.ru\/index.php?rest_route=\/wp\/v2\/pages"}],"about":[{"href":"https:\/\/yadov-conf.isras.ru\/index.php?rest_route=\/wp\/v2\/types\/page"}],"author":[{"embeddable":true,"href":"https:\/\/yadov-conf.isras.ru\/index.php?rest_route=\/wp\/v2\/users\/1"}],"replies":[{"embeddable":true,"href":"https:\/\/yadov-conf.isras.ru\/index.php?rest_route=%2Fwp%2Fv2%2Fcomments&post=607"}],"version-history":[{"count":13,"href":"https:\/\/yadov-conf.isras.ru\/index.php?rest_route=\/wp\/v2\/pages\/607\/revisions"}],"predecessor-version":[{"id":636,"href":"https:\/\/yadov-conf.isras.ru\/index.php?rest_route=\/wp\/v2\/pages\/607\/revisions\/636"}],"wp:attachment":[{"href":"https:\/\/yadov-conf.isras.ru\/index.php?rest_route=%2Fwp%2Fv2%2Fmedia&parent=607"}],"curies":[{"name":"wp","href":"https:\/\/api.w.org\/{rel}","templated":true}]}}